se
Is 1847 a composite number?
False
Is 21979 a prime number?
False
Is 26801 a composite number?
False
Is 167507 a composite number?
True
Is 868451 composite?
False
Is 65883 a composite number?
True
Is 47621 composite?
True
Is 78311 prime?
True
Is 187555 prime?
False
Is 331061 composite?
True
Is 54979 prime?
True
Is 3593 a prime number?
True
Is 15454 a prime number?
False
Is 765853 composite?
True
Is 109418 composite?
True
Is 7121 a prime number?
True
Is 1115249 composite?
True
Is 3326 a composite number?
True
Is 9671 prime?
False
Is 318979 a prime number?
True
Is 15434 a composite number?
True
Is 40571 a composite number?
True
Is 8465 a composite number?
True
Is 37039 prime?
True
Is 5045 a prime number?
False
Is 25827 a composite number?
True
Is 99551 a prime number?
True
Is 16519 a prime number?
True
Is 68927 composite?
False
Is 32989 prime?
False
Is 28778 prime?
False
Is 126118 composite?
True
Is 135329 a composite number?
False
Is 362263 a composite number?
True
Is 44633 a prime number?
True
Is 7230827 composite?
False
Is 1361 prime?
True
Is 106591 a prime number?
True
Is 333679 composite?
False
Is 1299603 prime?
False
Is 22955 a prime number?
False
Is 9719 composite?
False
Is 2579 a composite number?
False
Is 2734 composite?
True
Is 448961 a prime number?
False
Is 1189 a prime number?
False
Is 145 a composite number?
True
Is 4907 prime?
False
Is 679166 prime?
False
Is 32434 a composite number?
True
Is 3713 composite?
True
Is 166379 composite?
True
Is 3247201 composite?
True
Is 11327 prime?
False
Is 572317 a prime number?
False
Is 25697 a prime number?
False
Is 2047 prime?
False
Is 15947 composite?
True
Is 21703 composite?
True
Is 238631 a prime number?
False
Is 28102 a prime number?
False
Is 164717 composite?
True
Is 530143 a composite number?
False
Is 7217 composite?
True
Is 180731 a prime number?
True
Is 90543 a prime number?
False
Is 501185 a composite number?
True
Is 293 composite?
False
Is 4369 composite?
True
Is 195131 prime?
True
Is 181361 a prime number?
True
Is 408841 prime?
True
Is 13093 prime?
True
Is 115867 a prime number?
False
Is 1367 prime?
True
Is 53771 a composite number?
True
Is 15461 composite?
False
Is 49 a composite number?
True
Is 33721 composite?
False
Is 37117 a composite number?
False
Is 8191 a prime number?
True
Is 59747 prime?
True
Is 1349255 a composite number?
True
Is 512591 composite?
False
Is 372677 prime?
True
Is 41579 composite?
False
Is 2624899 prime?
True
Is 1799 prime?
False
Is 2897 composite?
False
Is 37055 a composite number?
True
Is 155945 a composite number?
True
Is 3343 composite?
False
Is 70363 prime?
False
Is 474185 a composite number?
True
Is 26309 a composite number?
False
Is 55987 a composite number?
False
Is 276851 a prime number?
False
Is 5399 composite?
False
Is 18413 composite?
False
Is 22693 a composite number?
True
Is 79 prime?
True
Is 22373 a prime number?
False
Is 3143 composite?
True
Is 21799 composite?
False
Is 221047 a prime number?
True
Is 8419 composite?
False
Is 200927 a prime number?
True
Is 1019899 prime?
True
Is 27053 composite?
True
Is 3433 prime?
True
Is 80331 composite?
True
Is 704455 composite?
True
Is 9442 a composite number?
True
Is 752135 prime?
False
Is 337 a prime number?
True
Is 17167 a prime number?
True
Is 3291491 composite?
True
Is 6667 prime?
False
Is 799 prime?
False
Is 8871 a prime number?
False
Is 58885 a composite number?
True
Is 130927 a prime number?
True
Is 3809 a prime number?
False
Is 506537 prime?
True
Is 3029 a prime number?
False
Is 1186567 prime?
False
Is 14015 composite?
True
Is 638483 a prime number?
False
Is 70634 a composite number?
True
Is 2609 a composite number?
False
Is 264981 a composite number?
True
Is 1243043 composite?
True
Is 1291 a prime number?
True
Is 579583 composite?
False
Is 6469 a composite number?
False
Is 13961 a prime number?
False
Is 277901 prime?
False
Is 13289 a composite number?
True
Is 32183 composite?
False
Is 31307 composite?
False
Is 292819 a prime number?
True
Is 159 a composite number?
True
Is 35063 a composite number?
True
Is 340559 prime?
True
Is 5981 a prime number?
True
Is 21467 composite?
False
Is 57917 prime?
True
Is 2059 prime?
False
Is 57173 composite?
False
Is 870121 a composite number?
True
Is 308569 prime?
True
Is 456691 composite?
True
Is 35519 a composite number?
True
Is 1170311 a composite number?
False
Is 38834 a composite number?
True
Is 512663 composite?
False
Is 37087 composite?
False
Is 6073 prime?
True
Is 333713 a prime number?
True
Is 51043 prime?
True
Is 3659 prime?
True
Is 147853 a composite number?
False
Is 787 a composite number?
False
Is 133769 a prime number?
True
Is 30803 composite?
False
Is 52639 composite?
False
Is 16013 a composite number?
True
Is 65213 prime?
True
Is 82717 composite?
True
Is 1543 a composite number?
False
Is 12653 prime?
True
Is 11359 a prime number?
False
Is 118787 composite?
False
Is 126541 prime?
True
Is 348181 prime?
True
Is 48163 composite?
False
Is 17059 prime?
False
Is 18143 prime?
True
Is 14617 a composite number?
True
Is 160703 prime?
False
Is 59051 a composite number?
False
Is 69907 a composite number?
True
Is 4529 a composite number?
True
Is 78851 composite?
True
Is 12451 composite?
False
Is 247957 prime?
True
Is 781 prime?
False
Is 1071943 a prime number?
True
Is 10133 a prime number?
True
Is 4327 composite?
False
Is 24881 prime?
False
Is 893 a composite number?
True
Is 12587 composite?
True
Is 315829 a composite number?
False
Is 38993 prime?
True
Is 865531 composite?
True
Is 82442 prime?
False
Is 23431 prime?
True
Is 222097 composite?
True
Is 76943 a prime number?
True
Is 200519 composite?
True
Is 76667 a prime number?
True
Is 12829 a composite number?
False
Is 1240859 prime?
True
Is 7349 a composite number?
False
Is 211207 a prime number?
False
Is 16111 a composite number?
False
Is 2289563 prime?
False
Is 430779 prime?
False
Is 17657 composite?
False
Is 153593 prime?
False
Is 8143 a prime number?
False
Is 78509 a composite number?
False
Is 319505 a prime number?
False
Is 33287 a composite number?
False
Is 121169 a composite number?
False
Is 113921 a prime number?
True
Is 16493 composite?
False
Is 189935 prime?
False
Is 24281 prime?
True
Is 800647 a prime number?
True
Is 2333 prime?
True
Is 2222957 prime?
False
Is 4621 a prime number?
True
Is 138617 composite?
False
Is 26882 a composite number?
True
Is 42095 a composite number?
True
Is 8639 a composite number?
True
Is 14695 a prime number?
False
Is 3817 prime?
False
Is 4547 a composite number?
False
Is 5501 a composite number?
False
Is 341617 composite?
False
Is 201017 composite?
True
Is 26193 composite?
True
Is 12479 a prime number?
True
Is 20249 composite?
False
Is 5273 a prime number?
True
Is 60559 a composite number?
True
Is 1548149 a composite number?
False
Is 1478947 a prime number?
True
Is 54527 a composite number?
True
Is 12235 a composite number?
True
Is 275911 composite?
False
Is 118127 a composite number?
False
Is 22177 a composite number?
True
Is 80159 prime?
False
Is 76233 prime?
False
Is 277883 composite?
False
Is 32819 prime?
False
Is 24197 composite?
False
Is 21587 composite?
False
Is 2879 a prime number?
True
Is 118705 composite?
True
Is 82961 a composite number?
True
Is 1063885 a composite number?
True
Is 1186123 a composite number?
True
Is 17141 a prime number?
False
Is 24127 a composite number?
True
Is 38639 a prime number?
True
Is 4327 a prime number?
True
Is 7637 a prime number?
False
Is 413579 a prime number?
True
Is 137023 composite?
True
Is 13637 a composite number?
True
Is 2291 prime?
False
Is 18281 composite?
True
Is 12869 composite?
True
Is 2650205 prime?
False
Is 1052531 a composite number?
False
Is 3019 prime?
True
Is 263089 composite?
False
Is 907691 a prime number?
True
Is 188497 a prime number?
False
Is 28927 a composite number?
False
Is 75679 a composite number?
False
Is 301377 a prime number?
False
Is 413 a composite number?
True
Is 768727 composite?
False
Is 583 a composite number?
True
Is 113261 a prime number?
False
Is 29383 a prime number?
True
Is 48377 a composite number?
True
Is 7993 prime?
True
Is 6587 composite?
True
Is 85049 a prime number?
True
Is 100129 prime?
True
Is 1637 prime?
True
Is 4509599 prime?
True
Is 24627 a composite number?
True
Is 48947 prime?
